{"id":7,"date":"2026-01-18T11:49:28","date_gmt":"2026-01-18T11:49:28","guid":{"rendered":"https:\/\/offentligfokus.dk\/?page_id=7"},"modified":"2026-01-20T13:30:40","modified_gmt":"2026-01-20T13:30:40","slug":"forside","status":"publish","type":"page","link":"https:\/\/offentligfokus.dk\/","title":{"rendered":"Forside"},"content":{"rendered":"\t\t<div data-elementor-type=\"wp-post\" data-elementor-id=\"7\" class=\"elementor elementor-7\" data-elementor-post-type=\"page\">\n\t\t\t\t<div class=\"elementor-element elementor-element-26d7514 e-con-full e-flex e-con e-parent\" data-id=\"26d7514\" data-element_type=\"container\" data-settings=\"{&quot;background_background&quot;:&quot;video&quot;,&quot;background_video_link&quot;:&quot;https:\\\/\\\/youtu.be\\\/vEQT-DgvyaQ&quot;,&quot;background_play_on_mobile&quot;:&quot;yes&quot;}\">\n\t\t<div class=\"elementor-background-video-container\" aria-hidden=\"true\">\n\t\t\t\t\t\t\t<div class=\"elementor-background-video-embed\"><\/div>\n\t\t\t\t\t\t<\/div>\t\t<div class=\"elementor-element elementor-element-9c132a7 elementor-widget elementor-widget-heading\" data-id=\"9c132a7\" data-element_type=\"widget\" data-widget_type=\"heading.default\">\n\t\t\t\t\t<h1 class=\"elementor-heading-title elementor-size-default\">Offentlig fokus. T\u00e6t p\u00e5.<\/h1>\t\t\t\t<\/div>\n\t\t\t\t<div class=\"elementor-element elementor-element-b707e40 elementor-button-info elementor-align-center elementor-widget elementor-widget-button\" data-id=\"b707e40\" data-element_type=\"widget\" data-widget_type=\"button.default\">\n\t\t\t\t\t\t\t\t\t\t<a class=\"elementor-button elementor-button-link elementor-size-sm\" href=\"#\">\n\t\t\t\t\t\t<span class=\"elementor-button-content-wrapper\">\n\t\t\t\t\t\t\t\t\t<span class=\"elementor-button-text\">Mindre spin. Mere substans.<\/span>\n\t\t\t\t\t<\/span>\n\t\t\t\t\t<\/a>\n\t\t\t\t\t\t\t\t<\/div>\n\t\t\t\t<\/div>\n\t\t<div class=\"elementor-element elementor-element-bc7f672 e-flex e-con-boxed e-con e-parent\" data-id=\"bc7f672\" data-element_type=\"container\">\n\t\t\t\t\t<div class=\"e-con-inner\">\n\t\t\t\t<div class=\"elementor-element elementor-element-1baee39 elementor-widget-tablet__width-initial elementor-widget__width-initial elementor-widget elementor-widget-text-editor\" data-id=\"1baee39\" data-element_type=\"widget\" data-widget_type=\"text-editor.default\">\n\t\t\t\t\t\t\t\t\t<p>Offentlig Fokus\u00a0s\u00e6tter beslutninger, ansvar og magt i det offentlige Danmark i perspektiv.<\/p><p>Vi d\u00e6kker kommuner, regioner, stat, beredskab og styring \u2013 uden spin.<\/p><p>Med analyser, indsigt og debat for dem, der tr\u00e6ffer beslutninger. Fordi det f\u00e6lles fortjener opm\u00e6rksomhed, substans og konsekvens.<\/p>\t\t\t\t\t\t\t\t<\/div>\n\t\t\t\t\t<\/div>\n\t\t\t\t<\/div>\n\t\t<div class=\"elementor-element elementor-element-8bedd79 e-flex e-con-boxed e-con e-parent\" data-id=\"8bedd79\" data-element_type=\"container\">\n\t\t\t\t\t<div class=\"e-con-inner\">\n\t\t\t\t<div class=\"elementor-element elementor-element-3d6290f elementor-widget elementor-widget-heading\" data-id=\"3d6290f\" data-element_type=\"widget\" data-widget_type=\"heading.default\">\n\t\t\t\t\t<h2 class=\"elementor-heading-title elementor-size-default\">Vores medier<\/h2>\t\t\t\t<\/div>\n\t\t\t\t\t<\/div>\n\t\t\t\t<\/div>\n\t\t<div class=\"elementor-element elementor-element-10fdbfe e-flex e-con-boxed e-con e-parent\" data-id=\"10fdbfe\" data-element_type=\"container\">\n\t\t\t\t\t<div class=\"e-con-inner\">\n\t\t<div class=\"elementor-element elementor-element-87fc033 e-con-full e-flex e-con e-child\" data-id=\"87fc033\" data-element_type=\"container\" data-settings=\"{&quot;background_background&quot;:&quot;classic&quot;}\">\n\t\t\t\t<div class=\"elementor-element elementor-element-2dbb992 elementor-widget elementor-widget-image\" data-id=\"2dbb992\" data-element_type=\"widget\" data-widget_type=\"image.default\">\n\t\t\t\t\t\t\t\t\t\t\t\t\t\t\t<img decoding=\"async\" width=\"300\" height=\"150\" src=\"https:\/\/offentligfokus.dk\/wp-content\/uploads\/2026\/01\/thumbnail_kommunalt-byskilt-ALT-300x150-1.png\" class=\"attachment-large size-large wp-image-51\" alt=\"\" \/>\t\t\t\t\t\t\t\t\t\t\t\t\t\t\t<\/div>\n\t\t\t\t<div class=\"elementor-element elementor-element-bc74889 elementor-widget elementor-widget-shortcode\" data-id=\"bc74889\" data-element_type=\"widget\" data-widget_type=\"shortcode.default\">\n\t\t\t\t\t\t\t<div class=\"elementor-shortcode\"><div class=\"wpra-display align\" data-display-id=\"2\" hx-target=\"this\" hx-swap=\"outerHTML\">    <div class=\"wp-rss-aggregator wpra-list-template \">\n        <ul class=\"rss-aggregator wpra-item-list \" start=\"1\">\n                <li class=\"wpra-item feed-item \">\n        <a href=\"https:\/\/kommunalt.dk\/de-forsvundne-kommuner-usynlighed-har-en-pris-og-den-er-hoejere-end-mange-tror\/\" class=\"\" target=\"_blank\" rel=\"noopener noreferrer nofollow\" style=\"\">De forsvundne kommuner \u2013 Usynlighed har en pris \u2013 og den er h\u00f8jere, end mange tror<\/a>\n\n        <div class=\"wprss-feed-meta\">\n            \n                <span class=\"feed-date\">\n        Dato:  13. apr 2026\n    <\/span>\n            \n        <\/div>\n\n        \n    <\/li>    <li class=\"wpra-item feed-item \">\n        <a href=\"https:\/\/kommunalt.dk\/naar-systemet-spaender-ben-for-samfundssind\/\" class=\"\" target=\"_blank\" rel=\"noopener noreferrer nofollow\" style=\"\">N\u00e5r systemet sp\u00e6nder ben for samfundssind<\/a>\n\n        <div class=\"wprss-feed-meta\">\n            \n                <span class=\"feed-date\">\n        Dato:  09. apr 2026\n    <\/span>\n            \n        <\/div>\n\n        \n    <\/li>    <li class=\"wpra-item feed-item \">\n        <a href=\"https:\/\/kommunalt.dk\/naar-christiansborg-flytter-ind-i-byraadssalen\/\" class=\"\" target=\"_blank\" rel=\"noopener noreferrer nofollow\" style=\"\">N\u00e5r Christiansborg flytter ind i byr\u00e5dssalen<\/a>\n\n        <div class=\"wprss-feed-meta\">\n            \n                <span class=\"feed-date\">\n        Dato:  20. mar 2026\n    <\/span>\n            \n        <\/div>\n\n        \n    <\/li>    <li class=\"wpra-item feed-item \">\n        <a href=\"https:\/\/kommunalt.dk\/72-elever-afleverer-byideer-i-koege\/\" class=\"\" target=\"_blank\" rel=\"noopener noreferrer nofollow\" style=\"\">72 elever afleverer byid\u00e9er i K\u00f8ge<\/a>\n\n        <div class=\"wprss-feed-meta\">\n            \n                <span class=\"feed-date\">\n        Dato:  03. mar 2026\n    <\/span>\n            \n        <\/div>\n\n        \n    <\/li>    <li class=\"wpra-item feed-item \">\n        <a href=\"https:\/\/kommunalt.dk\/2035-planen-hvad-betyder-den-for-kommunerne\/\" class=\"\" target=\"_blank\" rel=\"noopener noreferrer nofollow\" style=\"\">2035-planen: Hvad betyder den for kommunerne?<\/a>\n\n        <div class=\"wprss-feed-meta\">\n            \n                <span class=\"feed-date\">\n        Dato:  24. feb 2026\n    <\/span>\n            \n        <\/div>\n\n        \n    <\/li>\n        <\/ul>\n    <\/div> <\/div><\/div>\n\t\t\t\t\t\t<\/div>\n\t\t\t\t<\/div>\n\t\t<div class=\"elementor-element elementor-element-857f92f e-con-full e-flex e-con e-child\" data-id=\"857f92f\" data-element_type=\"container\" data-settings=\"{&quot;background_background&quot;:&quot;classic&quot;}\">\n\t\t\t\t<div class=\"elementor-element elementor-element-d2b8192 elementor-widget elementor-widget-image\" data-id=\"d2b8192\" data-element_type=\"widget\" data-widget_type=\"image.default\">\n\t\t\t\t\t\t\t\t\t\t\t\t\t\t\t<img fetchpriority=\"high\" decoding=\"async\" width=\"800\" height=\"171\" src=\"https:\/\/offentligfokus.dk\/wp-content\/uploads\/2026\/01\/Forsvarsoverblikket-logo-2-1024x219.png\" class=\"attachment-large size-large wp-image-54\" alt=\"\" srcset=\"https:\/\/offentligfokus.dk\/wp-content\/uploads\/2026\/01\/Forsvarsoverblikket-logo-2-1024x219.png 1024w, https:\/\/offentligfokus.dk\/wp-content\/uploads\/2026\/01\/Forsvarsoverblikket-logo-2-300x64.png 300w, https:\/\/offentligfokus.dk\/wp-content\/uploads\/2026\/01\/Forsvarsoverblikket-logo-2-768x164.png 768w, https:\/\/offentligfokus.dk\/wp-content\/uploads\/2026\/01\/Forsvarsoverblikket-logo-2-1536x328.png 1536w, https:\/\/offentligfokus.dk\/wp-content\/uploads\/2026\/01\/Forsvarsoverblikket-logo-2.png 1812w\" sizes=\"(max-width: 800px) 100vw, 800px\" \/>\t\t\t\t\t\t\t\t\t\t\t\t\t\t\t<\/div>\n\t\t\t\t<div class=\"elementor-element elementor-element-6ee4587 elementor-widget elementor-widget-shortcode\" data-id=\"6ee4587\" data-element_type=\"widget\" data-widget_type=\"shortcode.default\">\n\t\t\t\t\t\t\t<div class=\"elementor-shortcode\"><div class=\"wpra-display align\" data-display-id=\"3\" hx-target=\"this\" hx-swap=\"outerHTML\">    <div class=\"wp-rss-aggregator wpra-list-template \">\n        <ul class=\"rss-aggregator wpra-item-list \" start=\"1\">\n                <li class=\"wpra-item feed-item \">\n        <a href=\"https:\/\/forsvarsoverblikket.dk\/colombia-aabner-et-strategisk-vindue-spoergsmaalet-er-om-danmark-griber-det\/\" class=\"\" target=\"_blank\" rel=\"noopener noreferrer nofollow\" style=\"\">Colombia \u00e5bner et strategisk vindue \u2013 sp\u00f8rgsm\u00e5let er, om Danmark griber det<\/a>\n\n        <div class=\"wprss-feed-meta\">\n            \n                <span class=\"feed-date\">\n        Dato 17. apr 2026\n    <\/span>\n            \n        <\/div>\n\n        \n    <\/li>    <li class=\"wpra-item feed-item \">\n        <a href=\"https:\/\/forsvarsoverblikket.dk\/eu-og-nato-fra-parallelle-spor-til-strategisk-samspil\/\" class=\"\" target=\"_blank\" rel=\"noopener noreferrer nofollow\" style=\"\">EU og NATO: Fra parallelle spor til strategisk samspil<\/a>\n\n        <div class=\"wprss-feed-meta\">\n            \n                <span class=\"feed-date\">\n        Dato 16. apr 2026\n    <\/span>\n            \n        <\/div>\n\n        \n    <\/li>    <li class=\"wpra-item feed-item \">\n        <a href=\"https:\/\/forsvarsoverblikket.dk\/adgangsbilletten-til-forsvaret-det-starter-ikke-med-et-moede-men-med-kravene\/\" class=\"\" target=\"_blank\" rel=\"noopener noreferrer nofollow\" style=\"\">Adgangsbilletten til Forsvaret: Det starter ikke med et m\u00f8de \u2013 men med kravene<\/a>\n\n        <div class=\"wprss-feed-meta\">\n            \n                <span class=\"feed-date\">\n        Dato 16. apr 2026\n    <\/span>\n            \n        <\/div>\n\n        \n    <\/li>    <li class=\"wpra-item feed-item \">\n        <a href=\"https:\/\/forsvarsoverblikket.dk\/havbunden-som-kampplads-rusland-og-de-nye-stormagter-i-et-nyt-strategisk-domaene\/\" class=\"\" target=\"_blank\" rel=\"noopener noreferrer nofollow\" style=\"\">Havbunden som kampplads: Rusland \u2013 og de nye stormagter \u2013 i et nyt strategisk dom\u00e6ne<\/a>\n\n        <div class=\"wprss-feed-meta\">\n            \n                <span class=\"feed-date\">\n        Dato 16. apr 2026\n    <\/span>\n            \n        <\/div>\n\n        \n    <\/li>    <li class=\"wpra-item feed-item \">\n        <a href=\"https:\/\/forsvarsoverblikket.dk\/vi-mener-aldrig-mere-9-april-eller-ogsaa-skal-vi-stoppe-med-at-sige-det\/\" class=\"\" target=\"_blank\" rel=\"noopener noreferrer nofollow\" style=\"\">Vi mener: Aldrig mere 9. april \u2013 eller ogs\u00e5 skal vi stoppe med at sige det<\/a>\n\n        <div class=\"wprss-feed-meta\">\n            \n                <span class=\"feed-date\">\n        Dato 09. apr 2026\n    <\/span>\n            \n        <\/div>\n\n        \n    <\/li>\n        <\/ul>\n    <\/div> <\/div><\/div>\n\t\t\t\t\t\t<\/div>\n\t\t\t\t<\/div>\n\t\t\t\t\t<\/div>\n\t\t\t\t<\/div>\n\t\t\t\t<\/div>\n\t\t","protected":false},"excerpt":{"rendered":"<p>Offentlig fokus. T\u00e6t p\u00e5. Mindre spin. Mere substans. Offentlig Fokus\u00a0s\u00e6tter beslutninger, ansvar og magt i det offentlige Danmark i perspektiv. Vi d\u00e6kker kommuner, regioner, stat, beredskab og styring \u2013 uden spin. Med analyser, indsigt og debat for dem, der tr\u00e6ffer beslutninger. Fordi det f\u00e6lles fortjener opm\u00e6rksomhed, substans og konsekvens. Vores medier<\/p>\n","protected":false},"author":1,"featured_media":0,"parent":0,"menu_order":0,"comment_status":"closed","ping_status":"closed","template":"","meta":{"footnotes":""},"class_list":["post-7","page","type-page","status-publish","hentry"],"_links":{"self":[{"href":"https:\/\/offentligfokus.dk\/index.php\/wp-json\/wp\/v2\/pages\/7","targetHints":{"allow":["GET"]}}],"collection":[{"href":"https:\/\/offentligfokus.dk\/index.php\/wp-json\/wp\/v2\/pages"}],"about":[{"href":"https:\/\/offentligfokus.dk\/index.php\/wp-json\/wp\/v2\/types\/page"}],"author":[{"embeddable":true,"href":"https:\/\/offentligfokus.dk\/index.php\/wp-json\/wp\/v2\/users\/1"}],"replies":[{"embeddable":true,"href":"https:\/\/offentligfokus.dk\/index.php\/wp-json\/wp\/v2\/comments?post=7"}],"version-history":[{"count":60,"href":"https:\/\/offentligfokus.dk\/index.php\/wp-json\/wp\/v2\/pages\/7\/revisions"}],"predecessor-version":[{"id":163,"href":"https:\/\/offentligfokus.dk\/index.php\/wp-json\/wp\/v2\/pages\/7\/revisions\/163"}],"wp:attachment":[{"href":"https:\/\/offentligfokus.dk\/index.php\/wp-json\/wp\/v2\/media?parent=7"}],"curies":[{"name":"wp","href":"https:\/\/api.w.org\/{rel}","templated":true}]}}